136*g + 38555. Determine s(-35).
20
Let t(o) = -41*o - 1125. Give t(-35).
310
Let s(x) = -376*x**2 - 25566*x + 128. What is s(-68)?
-8
Let k(o) = -2228418*o - 2228394. Determine k(-1).
24
Let x(m) = 10*m**3 - 478*m**2 - 476*m + 3. Determine x(-1).
-9
Let c(s) = 238*s**2 - 985*s - 104. Calculate c(5).
921
Let c(i) = i**3 + 98*i**2 + 221*i + 32610. What is c(-99)?
930
Let i(o) = -4*o**3 + 25*o**2 - 968*o + 5780. Give i(6).
8
Let r(d) = 6*d**3 + 39*d**2 - 6013*d - 36169. Determine r(-6).
17
Let t(h) = 2*h**3 - 46*h**2 - 314*h + 151. Calculate t(28).
-801
Let a(z) = -z**3 - 101*z**2 + 4904*z - 159. What is a(36)?
-1167
Let k(j) = 3449*j + 634830. What is k(-184)?
214
Let n(z) = -46*z**2 + 262*z - 1425. Give n(9).
-2793
Let k(m) = -2*m**3 + 58*m**2 - 209*m - 737. Give k(24).
7
Let u(n) = -9*n**2 - 471*n + 2978. Determine u(-58).
20
Let a(j) = -144*j**2 - 2044*j - 6114. What is a(-3)?
-1278
Let i(r) = 1019*r**2 + 238449*r + 527. Give i(-234).
-175
Let x(o) = 2347*o - 377858. Calculate x(161).
9
Let n(q) = q**3 + 32*q**2 + 20313*q + 692936. Give n(-34).
-18
Let d(p) = -24265*p + 242646. What is d(10)?
-4
Let s(n) = 2*n**3 + 7*n**2 + 420*n + 2116. What is s(-5)?
-59
Let q(b) = b**2 - 421*b + 4280. Give q(10).
170
Let k(i) = 15*i**3 - 91*i**2 + 40*i - 41. Give k(6).
163
Let x(g) = 556*g + 26720. What is x(-49)?
-524
Let y(c) = -60*c**3 + 841*c**2 + 170*c - 2572. What is y(14)?
4
Let c(r) = 113*r**2 + 15890*r + 9816. Determine c(-140).
16
Let s(v) = -14301*v + 343159. Calculate s(24).
-65
Let h(d) = -70871*d + 1984394. What is h(28)?
6
Let o(i) = -i**3 + 261*i**2 - 7124*i - 1283. Calculate o(230).
97
Let m(t) = t**3 - 12*t**2 - 57*t - 17. Give m(-9).
-1205
Let a(o) = -14921*o + 388091. Calculate a(26).
145
Let v(g) = -g**3 + 395*g**2 - 3721*g - 49669. Give v(385).
-4
Let x(z) = 5506*z - 1156286. Determine x(210).
-26
Let d(s) = -2114*s + 21280. Give d(10).
140
Let g(l) = -2426*l - 1130508. Calculate g(-466).
8
Let o(v) = 41228*v - 371036. Give o(9).
16
Let h(o) = -3*o**3 + 67*o**2 + 23*o + 536. Give h(23).
7
Let s(t) = 9*t**3 + 5153*t**2 + 2851*t - 5142. What is s(-572)?
6
Let q(n) = n**3 + 6*n**2 - 308*n + 193. What is q(0)?
193
Let s(a) = -2*a**2 - 530*a + 24564. Determine s(41).
-528
Let j(m) = m**3 + 358*m**2 - 1659*m - 76384. Give j(-362).
-2
Let n(z) = z**3 + 452*z**2 - 507*z - 24190. Determine n(-453).
272
Let d(b) = -22253*b + 1691276. Calculate d(76).
48
Let v(a) = 3*a**2 + 81*a + 1582. Calculate v(-20).
1162
Let g(c) = 85*c + 2814. Give g(-23).
859
Let r(p) = 732*p**2 + 3719*p + 292. What is r(-5)?
-3
Let q(n) = n**2 - 1551*n - 20375. Determine q(-13).
-43
Let w(s) = s**3 - 37*s**2 + 106*s - 85. Calculate w(34).
51
Let d(n) = -2*n**3 + 775*n - 488. What is d(-20)?
12
Let n(w) = 149*w**3 + 1042*w**2 + 713*w + 5020. Give n(-7).
-20
Let k(i) = 746*i - 15752. Give k(23).
1406
Let f(s) = 6*s**2 - 12702*s + 63377. What is f(5)?
17
Let o(c) = 8690*c - 2354993. Give o(271).
-3
Let l(p) = 2988*p - 194487. What is l(65)?
-267
Let t(h) = -460*h**2 + 91520*h + 3988. Calculate t(199).
8
Let o(c) = 6*c**3 + 100*c**2 + 37*c - 343. Calculate o(-16).
89
Let i(w) = -w**2 - 433*w - 42882. Give i(-273).
798
Let i(b) = -4*b**3 + 3*b**2 + 64*b - 121. Give i(3).
-10
Let c(y) = 8*y**3 - 175*y**2 + 18*y - 886. Calculate c(22).
-6
Let r(a) = 12*a**3 - 1150*a**2 - 230*a + 3633. Calculate r(96).
-15
Let f(i) = -3*i**3 - 210*i**2 - 3241*i + 34. Calculate f(-23).
-12
Let v(w) = 18*w**2 - 132*w - 98. Determine v(10).
382
Let j(r) = -2*r**2 + 886*r - 19862. Calculate j(25).
1038
Let d(u) = 14*u**2 - 2151*u - 18865. Calculate d(162).
89
Let f(l) = -2*l**2 + 550*l + 6247. Determine f(-11).
-45
Let a(d) = 3554*d + 14376. Determine a(-4).
160
Let c(s) = 4566*s - 56977. Calculate c(13).
2381
Let i(l) = 50*l - 6016. What is i(19)?
-5066
Let w(r) = 2*r**3 + 293*r**2 + 727*r + 125. Determine w(-144).
-883
Let h(c) = 2*c**2 - 137367*c - 274738. Calculate h(-2).
4
Let i(c) = 4*c**3 - 73*c**2 - 806*c + 14201. What is i(19)?
-30
Let g(v) = -5534*v + 25382. What is g(5)?
-2288
Let r(f) = 3*f**3 - 527*f**2 - 1244*f - 342. Determine r(178).
14
Let b(s) = -1681*s - 82390. What is b(-49)?
-21
Let r(h) = -154*h + 538. Determine r(6).
-386
Let p(y) = -2*y**2 - 790*y - 13887. What is p(-18)?
-315
Let c(k) = -16601*k + 16909. What is c(1)?
308
Let k(d) = -3360*d - 22803. Determine k(-7).
717
Let l(g) = -27*g**2 + 251*g - 324. Determine l(8).
-44
Let z(b) = 4*b**2 + 22577*b - 22575. Give z(1).
6
Let j(m) = 3894*m - 124784. What is j(32)?
-176
Let p(m) = -2*m**2 - 846*m + 289849. Calculate p(224).
-7
Let w(d) = d**2 + 2947*d - 11801. Calculate w(4).
3
Let x(a) = -192*a + 100039. Calculate x(521).
7
Let h(x) = 696*x + 5898. Determine h(-10).
-1062
Let h(j) = 4*j**3 + 33*j**2 + 113*j + 499. Give h(-8).
-341
Let r(t) = -2*t**3 - 143*t**2 + 650*t + 20718. Give r(-74).
-2
Let u(o) = o**3 - 22*o**2 + 235*o - 1935. Determine u(15).
15
Let m(f) = -60*f**2 - 1130*f + 123. Give m(-19).
-67
Let i(q) = 2*q**2 - 12*q + 163. Determine i(-21).
1297
Let v(y) = 3*y**3 + 535*y**2 + 181*y + 540. Give v(-178).
6
Let g(q) = -52047*q + 260225. Determine g(5).
-10
Let b(f) = -f**3 + 109*f**2 + 472*f - 15337. Give b(112).
-105
Let s(r) = 119*r**2 + 2616*r - 73. Calculate s(-22).
-29
Let o(n) = 72*n + 29581. Calculate o(-413).
-155
Let r(n) = 2*n**2 - 552*n + 33364. What is r(89)?
78
Let y(n) = 171*n**3 + 143*n**2 + 22*n + 34. Give y(-2).
-806
Let s(p) = 106*p**2 + 3775*p + 226. Give s(-35).
-2049
Let n(a) = -60*a**3 - 24725*a**2 - 2061*a - 404. Calculate n(-412).
8
Let p(f) = 169*f - 230. Give p(11).
1629
Let r(g) = -g**3 - 94*g**2 - 2057*g + 309. What is r(-35)?
29
Let f(p) = 54*p**2 - 373*p - 6. Determine f(7).
29
Let s(r) = 200*r + 8597. Give s(-44).
-203
Let i(x) = -x**3 + 5*x**2 - 123*x + 222. Calculate i(2).
-12
Let t(l) = 168489*l + 1179487. Give t(-7).
64
Let i(f) = -f**2 - 597*f - 1799. Calculate i(-3).
-17
Let a(f) = 4*f**3 - 1444*f**2 - 38*f + 13743. Calculate a(361).
25
Let d(k) = 832*k**3 - 8327*k**2 + 63*k + 71. What is d(10)?
1
Let s(j) = 320061*j + 1600277. Calculate s(-5).
-28
Let r(x) = -4277*x + 8555. Give r(2).
1
Let m(g) = -1631*g + 59744. Calculate m(37).
-603
Let b(p) = 191642*p - 574931. Determine b(3).
-5
Let z(y) = 2*y**2 - 71*y - 2846. What is z(-26)?
352
Let b(l) = -l**3 + 110*l**2 - 2587*l + 100. What is b(34)?
-2
Let v(w) = w**3 - 319*w**2 - 11321*w - 2849. Give v(-32).
-1
Let z(p) = 5*p**2 - 794*p - 10425. What is z(171)?
6
Let b(h) = -45434*h - 227080. Calculate b(-5).
90
Let c(n) = -n**3 + 15*n**2 - 127*n + 569. Calculate c(5).
184
Let n(f) = 4*f**3 + 169*f**2 + 1032*f + 596. What is n(-35)?
1
Let r(z) = -31*z**3 + 73*z**2 + 35*z - 95. Give r(3).
-170
Let g(d) = -d**3 - 659*d**2 - 107*d + 15. What is g(0)?
15
Let x(z) = -174*z + 1922. Give x(22).
-1906
Let k(i) = -16*i**3 - 4032*i**2 + i - 82. Give k(-252).
-334
Let d(a) = 14650*a + 43849. Determine d(-3).
-101
Let t(h) = 47*h**2 - 11132*h + 54495. Determine t(5).
10
Let n(v) = -1015*v + 9730. What is n(9)?
595
Let u(z) = -3377*z + 7282. Give u(2).
528
Let a(w) = w**3 + 39*w**2 - 354*w - 3753. What is a(-45)?
27
Let k(w) = 2*w**3 - 58*w**2 + 507*w - 4414. Determine k(22).
-36
Let v(i) = -i**3 + 65*i**2 + 543*i + 799. Calculate v(73).
-2194
Let q(z) = -10485*z + 786320. What is q(75)?
-55
Let u(k) = k**3 + 8*k**2 - 24*k + 152. Give u(6).
512
Let d(t) = 22*t**3 + 330*t**2 + 14*t + 23. Determine d(-15).
-187
Let c(l) = 1829*l + 184708. Determine c(-101).
-21
Let c(r) = 4*r**3 + 379*r**2 + 286*r + 417. Determine c(-94).
41
Let b(v) = -4*v**2 + 3291*v + 40046. Give b(-12).
-22
Let y(k) = 124*k**3 + k**2 - 14*k + 12. Give y(2).
980
Let s(l) = 6965*l - 42257. Calculate s(6).
-467
Let y(z) = -36712*z - 1028161. Calculate y(-28).
-225
Let y(j) = 2*j**3 + 335*j**2 + 8361*j + 552. Determine y(-137).
4
Let z(x) = 2*x**3 + 303*x**2 + 82*x + 35569. Determine z(-152).
1
Let s(r) = -36831*r - 773442. Determine s(-21).
9
Let i(v) = -2*v**2 + 36983*v - 2028018. What is i(55)?
-3
Let m(v) = v**2 - 266*v + 6773. Determine m(238).
109
Let x(l) = l**3 + 186*l**2 - 947*l + 1533. Give x(-191).
5
Let b(t) = -544*t - 15450. What is b(-28)?
-218
Let j(a) = -105*a**3 - 9*a**2 + 20*a - 28. Determine j(2).
-864
Let b(l) = l**2 - 6716*l + 133906. Calculate b(20).
